+ 5. Determine i(14).
5
Let x(w) = w**2 + 4*w + 8. What is x(-3)?
5
Let q(w) = -w + 13. Determine q(0).
13
Let l(p) = p**3 - 11*p**2 - 11*p - 11. Give l(12).
1
Let x(t) = -20*t - 95. Give x(-4).
-15
Let d(w) = -w**3 - 8*w**2 + 24*w + 147. Calculate d(-9).
12
Let v(u) = 2*u + 5. Determine v(-12).
-19
Let d(w) = -8*w - 11. What is d(3)?
-35
Let k(s) = s**3 + 9*s**2 + 11*s + 13. What is k(-8)?
-11
Let c(v) = v**2 + 22*v + 54. What is c(-18)?
-18
Let l(t) = -2*t**3 - 23*t**2 - 6*t + 52. Calculate l(-11).
-3
Let y(h) = -7*h - 35. Determine y(-6).
7
Let m(d) = -3*d**2 + 7*d. Determine m(4).
-20
Let l(j) = -j**3 + 2*j**2. What is l(2)?
0
Let i(u) = -u**2 + 6*u - 5. Give i(5).
0
Let h(m) = -10*m**3 + m - 2. What is h(1)?
-11
Let o(h) = -h**2 + 15*h + 36. Calculate o(16).
20
Let j(y) = -y**2 + 6*y + 10. Calculate j(8).
-6
Let t(n) = -11*n**2 - 2*n - 1. What is t(-1)?
-10
Let h(q) = -2*q**2 + 9*q + 8. Determine h(8).
-48
Let t(n) = 2*n**3 + 5*n**2 + 6*n + 13. Give t(-3).
-14
Let i(q) = 5*q**3 + 2*q - 1. Determine i(1).
6
Let c(x) = -x**2 - 9*x - 8. Give c(-8).
0
Let i(k) = k**3 + 2*k**2 + k - 5. Calculate i(0).
-5
Let q(u) = u**2 + 2. Determine q(3).
11
Let c(i) = -i**2 - i - 7. What is c(0)?
-7
Let k(r) = 5*r + 28. Give k(-11).
-27
Let s(t) = 6*t + 15. Determine s(-5).
-15
Let k(q) = 4*q**3 + q**2 + q. Determine k(-1).
-4
Let h(k) = -k**3 + 12*k**2 + 14*k - 3. Give h(13).
10
Let b(n) = n**2 - 76*n + 275. Calculate b(72).
-13
Let d(x) = -100*x - 1. Determine d(0).
-1
Let t(c) = 8*c**2 - 14*c + 11. What is t(1)?
5
Let x(y) = 2*y**3 - 31*y**2 - 14*y + 9. What is x(16)?
41
Let x(l) = -l**2 - 14*l - 13. Calculate x(-11).
20
Let o(b) = b**2 + 10*b - 3. Calculate o(-7).
-24
Let i(z) = -z**2 + 9*z + 12. Determine i(10).
2
Let s(k) = -2*k**2 - 10*k + 11. Calculate s(-6).
-1
Let w(b) = b**2 - 9*b - 26. Calculate w(11).
-4
Let x(o) = 2*o + 17. Calculate x(-6).
5
Let b(a) = -13*a + 69. Determine b(7).
-22
Let u(k) = k**2 - 4*k - 3. Give u(-3).
18
Let r(j) = 2*j**3 + 4*j**2 + 4*j + 2. Calculate r(-2).
-6
Let q(g) = 2*g + 8. Calculate q(4).
16
Let u(j) = -j**3 - 10*j**2 - 11*j - 7. Determine u(-9).
11
Let a(p) = -2*p - 22. Calculate a(-10).
-2
Let a(z) = 2*z**3 - z**2 - z - 21. Give a(0).
-21
Let i(l) = 11*l**2 + 48*l + 19. Calculate i(-4).
3
Let g(f) = -f**2 + 3*f + 17. What is g(5)?
7
Let g(v) = -v**2 - 15*v + 29. Give g(-15).
29
Let b(x) = -10*x**3 - 1. Calculate b(1).
-11
Let g(a) = 4*a - 69. Calculate g(17).
-1
Let l(q) = -q**2 - 20*q - 32. Give l(-2).
4
Let u(j) = j + 12. Calculate u(-5).
7
Let h(s) = -5*s**2 + 16*s + 11. Give h(4).
-5
Let x(u) = -u + 8. Determine x(9).
-1
Let y(r) = r**2 - 6*r - 38. Give y(16).
122
Let q(w) = -w**2 + 20*w - 106. Give q(10).
-6
Let q(r) = 4*r - 11. Calculate q(0).
-11
Let z(a) = a**2 - 10*a + 18. Determine z(5).
-7
Let g(z) = 3*z**2 + 21*z - 21. Give g(-10).
69
Let c(h) = -6*h - 15. What is c(11)?
-81
Let b(i) = 7*i**2 - 4*i + 7. Calculate b(2).
27
Let v(d) = d**2 + d - 2. What is v(-3)?
4
Let s(f) = -4*f**2 - 58*f + 57. Give s(1).
-5
Let h(k) = k**3 + k**2 - 26*k - 66. Determine h(-3).
-6
Let d(j) = -2*j + 2. What is d(5)?
-8
Let m(j) = j**3 - 4*j**2 - 15*j + 19. Give m(6).
1
Let t(m) = m**3 - 24*m**2 + 28*m - 92. Give t(23).
23
Let v(q) = -q**3 - 10*q**2 + q - 9. Give v(-10).
-19
Let l(g) = -3*g**2 + 24*g - 32. What is l(8)?
-32
Let u(j) = -11*j - 73. Calculate u(-6).
-7
Let t(m) = -m**3 + 7*m**2 + 11*m - 18. What is t(8)?
6
Let s(h) = -7*h**3 - 2*h**2 - 2*h - 1. Determine s(-1).
6
Let j(n) = -4*n + 59. Determine j(3).
47
Let h(m) = -m**2 + 6*m - 18. Determine h(11).
-73
Let x(s) = -s**3 + 3*s**2 + 6*s - 7. Calculate x(6).
-79
Let p(s) = -8*s + 35. Give p(10).
-45
Let x(n) = -n - 14. What is x(-20)?
6
Let z(f) = -2*f + 18. Give z(6).
6
Let g(x) = -x**3 + 7*x**2 - x + 36. What is g(7)?
29
Let m(j) = -j - 57. Calculate m(-43).
-14
Let k(d) = -d**3 - 13*d**2 - 13*d - 18. Give k(-12).
-6
Let c(d) = -d**3 + 8*d**2 + 7*d + 4. Calculate c(8).
60
Let q(b) = -b**2 - 5*b + 2. Determine q(-6).
-4
Let r(c) = -c - 41. What is r(0)?
-41
Let y(t) = -13*t + 7. Determine y(7).
-84
Let k(m) = m**2 + 12*m + 8. What is k(-12)?
8
Let z(d) = -d**3 + 5*d**2 + 12*d - 4. What is z(7)?
-18
Let h(j) = -j**3 + 3*j**2 + j + 12. Determine h(4).
0
Let i(w) = -w**3 + 3*w**2 + 32*w - 16. Calculate i(7).
12
Let f(n) = n + 5. Calculate f(-8).
-3
Let k(j) = j**3 + 9*j**2 - 2*j - 2. Give k(-9).
16
Let x(o) = -5*o + 3. Determine x(6).
-27
Let r(u) = -u**2 + 24. What is r(-8)?
-40
Let k(h) = -3*h - 17. Determine k(-16).
31
Let b(c) = -c**2 - 9*c + 14. What is b(-10)?
4
Let k(a) = -a**3 - 4*a**2 - 2*a + 4. What is k(-3)?
1
Let r(u) = 4*u**3 + 25*u**2 + u - 10. Give r(-6).
20
Let n(a) = -2*a + 6. Determine n(5).
-4
Let h(y) = 29*y**3 - 2*y + 1. Give h(1).
28
Let s(p) = 2*p + 33. Give s(-15).
3
Let k(m) = -16*m - 481. Give k(-30).
-1
Let n(f) = 3*f + 35. Give n(-13).
-4
Let g(l) = -6*l - 2. Give g(5).
-32
Let m(o) = -o**2 - 5*o. Give m(-4).
4
Let b(w) = w**3 - 5*w**2 - 10*w - 11. Determine b(6).
-35
Let h(q) = -q**3 + 9*q**2 + 6*q + 26. What is h(11)?
-150
Let m(y) = y**3 + 6*y**2 - 4*y + 6. Determine m(-6).
30
Let t(w) = w**2. What is t(1)?
1
Let t(s) = -4*s**2 - s - 6. Calculate t(-3).
-39
Let b(l) = 28*l**2. Give b(1).
28
Let a(y) = y**3 + 8*y**2 + 15*y + 17. Calculate a(-6).
-1
Let s(z) = -z**3 - 11*z**2 - 6*z + 12. Give s(-11).
78
Let c(p) = 3*p + 23. Give c(-8).
-1
Let n(h) = -2*h**3 + 23*h**2 + 11*h + 9. Calculate n(12).
-3
Let d(p) = 17*p - 122. Give d(5).
-37
Let a(i) = 53*i + 262. What is a(-5)?
-3
Let w(p) = p + 17. Calculate w(-21).
-4
Let s(h) = 2*h - 10. Give s(7).
4
Let a(j) = j**2 - 14*j + 12. Determine a(16).
44
Let a(n) = -n**3 - 5*n**2 - n + 4. What is a(-3)?
-11
Let v(h) = h**3 - 3*h**2 - 11. Give v(4).
5
Let t(b) = 5*b**3 + 3*b**2 - 1. Determine t(-2).
-29
Let t(i) = -i**3 + 6*i**2 + 3*i + 5. What is t(7)?
-23
Let w(k) = -k**3 - 11*k**2 + 13*k + 10. What is w(-12)?
-2
Let n(h) = h**3 - 8*h**2 + 7*h + 17. Determine n(8).
73
Let v(d) = 3*d**2 + 94*d + 34. Determine v(-31).
3
Let n(c) = c**2 - 26*c + 152. Calculate n(9).
-1
Let v(y) = 2*y**2 + 29*y - 2. Give v(-13).
-41
Let t(b) = 7*b - 7. Give t(-3).
-28
Let j(l) = 2*l + 39. Calculate j(0).
39
Let c(v) = v**2 - 8*v. Give c(8).
0
Let r(h) = -2*h + 9. Give r(6).
-3
Let f(c) = -2*c**3 - 17*c**2 - 9*c. Calculate f(-8).
8
Let s(z) = -3*z**2 - 73*z + 11. Determine s(-25).
-39
Let z(u) = -6*u**2 + 13*u - 11. What is z(1)?
-4
Let g(w) = -w**2 + 10*w + 98. What is g(16)?
2
Let v(w) = w**2 + 5*w - 8. Give v(-7).
6
Let u(c) = c**3 + 9*c**2 + 9*c + 29. Determine u(-9).
-52
Let y(f) = 23*f - 8. Calculate y(4).
84
Let s(t) = t**2 + 11*t - 118. What is s(7)?
8
Let y(p) = -2*p**2 - p + 4. What is y(0)?
4
Let v(p) = p + 9. What is v(-12)?
-3
Let k(i) = 3*i - 28. Calculate k(7).
-7
Let z(b) = -4*b**2 - 5*b - 7. Calculate z(-2).
-13
Let b(v) = v**3 - 2*v**2 - 6*v - 1. Calculate b(-3).
-28
Let i(y) = -3*y + 24. What is i(7)?
3
Let x(a) = -a**2 - 15*a - 31. What is x(-12)?
5
Let g(x) = x + 1. Calculate g(7).
8
Let l(p) = p**3 - 26*p**2 - 89*p + 52. Give l(29).
-6
Let t(d) = d**2 + 4*d - 20. Determine t(-6).
-8
Let w(q) = -4*q**2 + 1. Determine w(2).
-15
Let t(u) = u**3 + u**2 + 4*u + 3. Give t(-2).
-9
Let j(i) = -2*i**2 - 6*i - 21. Give j(-2).
-17
Let h(p) = -p**2 + 1. What is h(2)?
-3
Let i(f) = -f - 16. Determine i(-5).
-11
Let y(j) = -j**3 + j**2 - 2*j - 3. What is y(-1)?
1
Let c(s) = -s**3 + 2*s**2 - 4*s + 16. What is c(5)?
-79
Let f(v) = -2*v - 50. What is f(-27)?
4
Let m(k) = k**3 - 3*k**2 - k - 7. Determine m(0).
-7
Let k(l) = -7*l - 64. Determine k(-36).
188
Let o(u) = u - 6. Determine o(-1).
-7
Let a(q) = q**2 + 4*q - 9. What is a(5)?
36
Let q(s) = -s**2 + 8*s + 9. Calculate q(7).
16
Let s(n) = 2*n**2 - 28*n - 20. Calculate s(16).
44
Let b(r) = r**3 - 15*r**2 - 7*r - 2. Give b(15).
-107
Let f(b) = 4*b + 5. Give f(-14).
-51
Let o(y) = -y**3 - 4*y**2 - 3*y - 1. Give o(-3).
-1
Let i(b) = -b**2 + 18*b + 53. Give i(23).
-62
Let h(g) = -102*g**2 + g + 1. What is h(1)?
-100
Let l(a) = 6*a - 6. What is l(-8)?
-54
Let b(k) = 2*k**2 + 16*k - 1. Determine b(-9).
17
Let w(y) = -5*y**2 - 2*y - 3. Calculate w(3).
-54
Let f(k) = k**3 - 12*k**2 - 11*k - 16. What is f(13)?
10
Let a(h) = h**2 - 7*h - 1. Give a(7).
-1
Let 